{"id":34170,"date":"2022-10-13T22:55:53","date_gmt":"2022-10-13T20:55:53","guid":{"rendered":"https:\/\/gbs.com.co\/web\/?post_type=product&#038;p=34170"},"modified":"2022-10-13T22:58:37","modified_gmt":"2022-10-13T20:58:37","slug":"camara-domo-plastico-turbo-hd-2","status":"publish","type":"product","link":"https:\/\/gbs.com.co\/web\/product\/camara-domo-plastico-turbo-hd-2\/","title":{"rendered":"C\u00c1MARA DOMO PL\u00c1STICO TURBO HD"},"content":{"rendered":"","protected":false},"excerpt":{"rendered":"<p><strong>C\u00c1MARA DOMO PL\u00c1STICO TURBO HD<\/strong> 1080P-2MP PL\u00c1STICO LENTE E 2.8 MM IP66<\/p>\n","protected":false},"featured_media":34163,"template":"","meta":[],"product_cat":[112,44],"product_tag":[97],"_links":{"self":[{"href":"https:\/\/gbs.com.co\/web\/wp-json\/wp\/v2\/product\/34170"}],"collection":[{"href":"https:\/\/gbs.com.co\/web\/wp-json\/wp\/v2\/product"}],"about":[{"href":"https:\/\/gbs.com.co\/web\/wp-json\/wp\/v2\/types\/product"}],"wp:featuredmedia":[{"embeddable":true,"href":"https:\/\/gbs.com.co\/web\/wp-json\/wp\/v2\/media\/34163"}],"wp:attachment":[{"href":"https:\/\/gbs.com.co\/web\/wp-json\/wp\/v2\/media?parent=34170"}],"wp:term":[{"taxonomy":"product_cat","embeddable":true,"href":"https:\/\/gbs.com.co\/web\/wp-json\/wp\/v2\/product_cat?post=34170"},{"taxonomy":"product_tag","embeddable":true,"href":"https:\/\/gbs.com.co\/web\/wp-json\/wp\/v2\/product_tag?post=34170"}],"curies":[{"name":"wp","href":"https:\/\/api.w.org\/{rel}","templated":true}]}}