{"id":5213,"date":"2020-05-07T04:28:11","date_gmt":"2020-05-07T04:28:11","guid":{"rendered":"https:\/\/optymyze.radiantthemes.com\/?page_id=5213"},"modified":"2022-08-03T20:57:48","modified_gmt":"2022-08-03T18:57:48","slug":"planes","status":"publish","type":"page","link":"https:\/\/gbs.com.co\/web\/planes\/","title":{"rendered":"Nuestros Planes"},"content":{"rendered":"\t\t<div data-elementor-type=\"wp-page\" data-elementor-id=\"5213\" class=\"elementor elementor-5213\">\n\t\t\t\t\t\t\t\t\t<section class=\"elementor-section elementor-top-section elementor-element elementor-element-2fc6c7b elementor-section-boxed elementor-section-height-default elementor-section-height-default\" data-id=\"2fc6c7b\" data-element_type=\"section\" data-settings=\"{&quot;_ha_eqh_enable&quot;:false}\">\n\t\t\t\t\t\t<div class=\"elementor-container elementor-column-gap-default\">\n\t\t\t\t\t<div class=\"elementor-column elementor-col-50 elementor-top-column elementor-element elementor-element-0c5df32 img-box-hover-effect\" data-id=\"0c5df32\" data-element_type=\"column\" data-settings=\"{&quot;background_background&quot;:&quot;classic&quot;}\">\n\t\t\t<div class=\"elementor-widget-wrap elementor-element-populated\">\n\t\t\t\t\t\t\t\t<div class=\"elementor-element elementor-element-0b0af0e elementor-invisible elementor-widget elementor-widget-heading\" data-id=\"0b0af0e\" data-element_type=\"widget\" data-settings=\"{&quot;_animation_delay&quot;:200,&quot;_animation&quot;:&quot;fadeInLeft&quot;}\" data-widget_type=\"heading.default\">\n\t\t\t\t<div class=\"elementor-widget-container\">\n\t\t\t<style>\/*! elementor - v3.7.8 - 02-10-2022 *\/\n.elementor-heading-title{padding:0;margin:0;line-height:1}.elementor-widget-heading .elementor-heading-title[class*=elementor-size-]>a{color:inherit;font-size:inherit;line-height:inherit}.elementor-widget-heading .elementor-heading-title.elementor-size-small{font-size:15px}.elementor-widget-heading .elementor-heading-title.elementor-size-medium{font-size:19px}.elementor-widget-heading .elementor-heading-title.elementor-size-large{font-size:29px}.elementor-widget-heading .elementor-heading-title.elementor-size-xl{font-size:39px}.elementor-widget-heading .elementor-heading-title.elementor-size-xxl{font-size:59px}<\/style><h2 class=\"elementor-heading-title elementor-size-default\">Todos nuestros planes de dise\u00f1o web Incluyen:<\/h2>\t\t<\/div>\n\t\t\t\t<\/div>\n\t\t\t\t<section class=\"elementor-section elementor-inner-section elementor-element elementor-element-d2cfb63 elementor-section-boxed elementor-section-height-default elementor-section-height-default elementor-invisible\" data-id=\"d2cfb63\" data-element_type=\"section\" data-settings=\"{&quot;animation&quot;:&quot;fadeInRight&quot;,&quot;_ha_eqh_enable&quot;:false}\">\n\t\t\t\t\t\t<div class=\"elementor-container elementor-column-gap-default\">\n\t\t\t\t\t<div class=\"elementor-column elementor-col-50 elementor-inner-column elementor-element elementor-element-afb73ce\" data-id=\"afb73ce\" data-element_type=\"column\">\n\t\t\t<div class=\"elementor-widget-wrap elementor-element-populated\">\n\t\t\t\t\t\t\t\t<div class=\"elementor-element elementor-element-8df5405 elementor-widget elementor-widget-image\" data-id=\"8df5405\" data-element_type=\"widget\" data-widget_type=\"image.default\">\n\t\t\t\t<div class=\"elementor-widget-container\">\n\t\t\t<style>\/*! elementor - v3.7.8 - 02-10-2022 *\/\n.elementor-widget-image{text-align:center}.elementor-widget-image a{display:inline-block}.elementor-widget-image a img[src$=\".svg\"]{width:48px}.elementor-widget-image img{vertical-align:middle;display:inline-block}<\/style>\t\t\t\t\t\t\t\t\t\t\t\t<img width=\"28\" height=\"28\" src=\"https:\/\/gbs.com.co\/web\/wp-content\/uploads\/2021\/03\/home-seven-img-7_pink.png\" class=\"attachment-large size-large\" alt=\"home-seven-img-7_pink\" loading=\"lazy\" \/>\t\t\t\t\t\t\t\t\t\t\t\t\t\t\t<\/div>\n\t\t\t\t<\/div>\n\t\t\t\t\t<\/div>\n\t\t<\/div>\n\t\t\t\t<div class=\"elementor-column elementor-col-50 elementor-inner-column elementor-element elementor-element-b8907d8\" data-id=\"b8907d8\" data-element_type=\"column\">\n\t\t\t<div class=\"elementor-widget-wrap elementor-element-populated\">\n\t\t\t\t\t\t\t\t<div class=\"elementor-element elementor-element-33c3d10 elementor-widget elementor-widget-heading\" data-id=\"33c3d10\" data-element_type=\"widget\" data-widget_type=\"heading.default\">\n\t\t\t\t<div class=\"elementor-widget-container\">\n\t\t\t<h2 class=\"elementor-heading-title elementor-size-default\">Registro de Dominio<\/h2>\t\t<\/div>\n\t\t\t\t<\/div>\n\t\t\t\t\t<\/div>\n\t\t<\/div>\n\t\t\t\t\t\t\t<\/div>\n\t\t<\/section>\n\t\t\t\t<section class=\"elementor-section elementor-inner-section elementor-element elementor-element-826a375 elementor-section-boxed elementor-section-height-default elementor-section-height-default elementor-invisible\" data-id=\"826a375\" data-element_type=\"section\" data-settings=\"{&quot;animation&quot;:&quot;fadeInRight&quot;,&quot;_ha_eqh_enable&quot;:false}\">\n\t\t\t\t\t\t<div class=\"elementor-container elementor-column-gap-default\">\n\t\t\t\t\t<div class=\"elementor-column elementor-col-50 elementor-inner-column elementor-element elementor-element-03abf93\" data-id=\"03abf93\" data-element_type=\"column\">\n\t\t\t<div class=\"elementor-widget-wrap elementor-element-populated\">\n\t\t\t\t\t\t\t\t<div class=\"elementor-element elementor-element-169a9fd elementor-widget elementor-widget-image\" data-id=\"169a9fd\" data-element_type=\"widget\" data-widget_type=\"image.default\">\n\t\t\t\t<div class=\"elementor-widget-container\">\n\t\t\t\t\t\t\t\t\t\t\t\t\t\t\t<img width=\"28\" height=\"28\" src=\"https:\/\/gbs.com.co\/web\/wp-content\/uploads\/2021\/03\/home-seven-img-7_pink.png\" class=\"attachment-large size-large\" alt=\"home-seven-img-7_pink\" loading=\"lazy\" \/>\t\t\t\t\t\t\t\t\t\t\t\t\t\t\t<\/div>\n\t\t\t\t<\/div>\n\t\t\t\t\t<\/div>\n\t\t<\/div>\n\t\t\t\t<div class=\"elementor-column elementor-col-50 elementor-inner-column elementor-element elementor-element-196ad41\" data-id=\"196ad41\" data-element_type=\"column\">\n\t\t\t<div class=\"elementor-widget-wrap elementor-element-populated\">\n\t\t\t\t\t\t\t\t<div class=\"elementor-element elementor-element-560b32b elementor-widget elementor-widget-heading\" data-id=\"560b32b\" data-element_type=\"widget\" data-widget_type=\"heading.default\">\n\t\t\t\t<div class=\"elementor-widget-container\">\n\t\t\t<h2 class=\"elementor-heading-title elementor-size-default\">Dise\u00f1o Web<\/h2>\t\t<\/div>\n\t\t\t\t<\/div>\n\t\t\t\t\t<\/div>\n\t\t<\/div>\n\t\t\t\t\t\t\t<\/div>\n\t\t<\/section>\n\t\t\t\t<section class=\"elementor-section elementor-inner-section elementor-element elementor-element-618fc4c elementor-section-boxed elementor-section-height-default elementor-section-height-default elementor-invisible\" data-id=\"618fc4c\" data-element_type=\"section\" data-settings=\"{&quot;animation&quot;:&quot;fadeInRight&quot;,&quot;_ha_eqh_enable&quot;:false}\">\n\t\t\t\t\t\t<div class=\"elementor-container elementor-column-gap-default\">\n\t\t\t\t\t<div class=\"elementor-column elementor-col-50 elementor-inner-column elementor-element elementor-element-7d03889\" data-id=\"7d03889\" data-element_type=\"column\">\n\t\t\t<div class=\"elementor-widget-wrap elementor-element-populated\">\n\t\t\t\t\t\t\t\t<div class=\"elementor-element elementor-element-8b42112 elementor-widget elementor-widget-image\" data-id=\"8b42112\" data-element_type=\"widget\" data-widget_type=\"image.default\">\n\t\t\t\t<div class=\"elementor-widget-container\">\n\t\t\t\t\t\t\t\t\t\t\t\t\t\t\t<img width=\"28\" height=\"28\" src=\"https:\/\/gbs.com.co\/web\/wp-content\/uploads\/2021\/03\/home-seven-img-7_pink.png\" class=\"attachment-large size-large\" alt=\"home-seven-img-7_pink\" loading=\"lazy\" \/>\t\t\t\t\t\t\t\t\t\t\t\t\t\t\t<\/div>\n\t\t\t\t<\/div>\n\t\t\t\t\t<\/div>\n\t\t<\/div>\n\t\t\t\t<div class=\"elementor-column elementor-col-50 elementor-inner-column elementor-element elementor-element-e189e82\" data-id=\"e189e82\" data-element_type=\"column\">\n\t\t\t<div class=\"elementor-widget-wrap elementor-element-populated\">\n\t\t\t\t\t\t\t\t<div class=\"elementor-element elementor-element-af887f8 elementor-widget elementor-widget-heading\" data-id=\"af887f8\" data-element_type=\"widget\" data-widget_type=\"heading.default\">\n\t\t\t\t<div class=\"elementor-widget-container\">\n\t\t\t<h2 class=\"elementor-heading-title elementor-size-default\">Hosting y Soporte T\u00e9cnico Especializado<\/h2>\t\t<\/div>\n\t\t\t\t<\/div>\n\t\t\t\t\t<\/div>\n\t\t<\/div>\n\t\t\t\t\t\t\t<\/div>\n\t\t<\/section>\n\t\t\t\t<div class=\"elementor-element elementor-element-c6b5259 footer-para elementor-invisible elementor-widget elementor-widget-text-editor\" data-id=\"c6b5259\" data-element_type=\"widget\" data-settings=\"{&quot;_animation_delay&quot;:400,&quot;_animation&quot;:&quot;fadeInUp&quot;}\" data-widget_type=\"text-editor.default\">\n\t\t\t\t<div class=\"elementor-widget-container\">\n\t\t\t<style>\/*! elementor - v3.7.8 - 02-10-2022 *\/\n.elementor-widget-text-editor.elementor-drop-cap-view-stacked .elementor-drop-cap{background-color:#818a91;color:#fff}.elementor-widget-text-editor.elementor-drop-cap-view-framed .elementor-drop-cap{color:#818a91;border:3px solid;background-color:transparent}.elementor-widget-text-editor:not(.elementor-drop-cap-view-default) .elementor-drop-cap{margin-top:8px}.elementor-widget-text-editor:not(.elementor-drop-cap-view-default) .elementor-drop-cap-letter{width:1em;height:1em}.elementor-widget-text-editor .elementor-drop-cap{float:left;text-align:center;line-height:1;font-size:50px}.elementor-widget-text-editor .elementor-drop-cap-letter{display:inline-block}<\/style>\t\t\t\t<p>Utilizamos las ultimas tecnolog\u00edas para el desarrollo y dise\u00f1o de cada p\u00e1gina web, ofreciendo a nuestros clientes p\u00e1ginas de Internet funcionales y modernas.<\/p>\t\t\t\t\t\t<\/div>\n\t\t\t\t<\/div>\n\t\t\t\t<div class=\"elementor-element elementor-element-33e3b49 elementor-invisible elementor-widget elementor-widget-image\" data-id=\"33e3b49\" data-element_type=\"widget\" data-settings=\"{&quot;_animation&quot;:&quot;zoomInLeft&quot;}\" data-widget_type=\"image.default\">\n\t\t\t\t<div class=\"elementor-widget-container\">\n\t\t\t\t\t\t\t\t\t\t\t\t\t\t\t<img width=\"321\" height=\"377\" src=\"https:\/\/gbs.com.co\/web\/wp-content\/uploads\/2020\/10\/pricing-2.png\" class=\"attachment-full size-full\" alt=\"\" loading=\"lazy\" srcset=\"https:\/\/gbs.com.co\/web\/wp-content\/uploads\/2020\/10\/pricing-2.png 321w, https:\/\/gbs.com.co\/web\/wp-content\/uploads\/2020\/10\/pricing-2-255x300.png 255w\" sizes=\"(max-width: 321px) 100vw, 321px\" \/>\t\t\t\t\t\t\t\t\t\t\t\t\t\t\t<\/div>\n\t\t\t\t<\/div>\n\t\t\t\t\t<\/div>\n\t\t<\/div>\n\t\t\t\t<div class=\"elementor-column elementor-col-50 elementor-top-column elementor-element elementor-element-f147554\" data-id=\"f147554\" data-element_type=\"column\">\n\t\t\t<div class=\"elementor-widget-wrap elementor-element-populated\">\n\t\t\t\t\t\t\t\t<div class=\"elementor-element elementor-element-e5f3f2f elementor-invisible elementor-widget elementor-widget-heading\" data-id=\"e5f3f2f\" data-element_type=\"widget\" data-settings=\"{&quot;_animation_delay&quot;:200,&quot;_animation&quot;:&quot;zoomInLeft&quot;}\" data-widget_type=\"heading.default\">\n\t\t\t\t<div class=\"elementor-widget-container\">\n\t\t\t<h2 class=\"elementor-heading-title elementor-size-default\">Ofrecemos planes de Dise\u00f1o Web a los mejores precios del mercado<\/h2>\t\t<\/div>\n\t\t\t\t<\/div>\n\t\t\t\t<section class=\"elementor-section elementor-inner-section elementor-element elementor-element-cc8f229 elementor-section-boxed elementor-section-height-default elementor-section-height-default\" data-id=\"cc8f229\" data-element_type=\"section\" data-settings=\"{&quot;_ha_eqh_enable&quot;:false}\">\n\t\t\t\t\t\t<div class=\"elementor-container elementor-column-gap-default\">\n\t\t\t\t\t<div class=\"elementor-column elementor-col-50 elementor-inner-column elementor-element elementor-element-0e25d3d img-box-hover-effect elementor-invisible\" data-id=\"0e25d3d\" data-element_type=\"column\" data-settings=\"{&quot;background_background&quot;:&quot;classic&quot;,&quot;animation&quot;:&quot;bounceIn&quot;}\">\n\t\t\t<div class=\"elementor-widget-wrap elementor-element-populated\">\n\t\t\t\t\t\t\t\t<div class=\"elementor-element elementor-element-210db65 pricing-new-one elementor-widget elementor-widget-radiant-pricing-table\" data-id=\"210db65\" data-element_type=\"widget\" data-widget_type=\"radiant-pricing-table.default\">\n\t\t\t\t<div class=\"elementor-widget-container\">\n\t\t\t<div class=\"rt-pricing-table element-nine \"><h3 class=\"rt-pricing-title\">B\u00c1SICO<\/h3><div class=\"rt-list\"><ul>\n<li>3 Formularios.(links o Secciones).<\/li>\n<li>Lenguaje de Programaci\u00f3n HTML b\u00e1sico + CSS3.<\/li>\n<li>Formulario de contacto sincronizando con la cuenta de correo electr\u00f3nico.<\/li>\n<li>1 Banner<\/li>\n<li>Indexaci\u00f3n. (Optimiza la p\u00e1gina para los motores de b\u00fasqueda como Google).<\/li>\n\n<\/ul><\/div><div class=\"rt-table-buy\"><a href=\"https:\/\/gbs.com.co\/web\/contactenos\/\" class=\"rt-pricing-action\">Cont\u00e1ctenos<\/a><\/div><\/div>\t\t<\/div>\n\t\t\t\t<\/div>\n\t\t\t\t\t<\/div>\n\t\t<\/div>\n\t\t\t\t<div class=\"elementor-column elementor-col-50 elementor-inner-column elementor-element elementor-element-2bac1fd img-box-hover-effect elementor-invisible\" data-id=\"2bac1fd\" data-element_type=\"column\" data-settings=\"{&quot;animation&quot;:&quot;bounceIn&quot;}\">\n\t\t\t<div class=\"elementor-widget-wrap elementor-element-populated\">\n\t\t\t\t\t\t\t\t<div class=\"elementor-element elementor-element-3e36330 pricing-new-two elementor-widget elementor-widget-radiant-pricing-table\" data-id=\"3e36330\" data-element_type=\"widget\" data-widget_type=\"radiant-pricing-table.default\">\n\t\t\t\t<div class=\"elementor-widget-container\">\n\t\t\t<div class=\"rt-pricing-table element-nine \"><h3 class=\"rt-pricing-title\">INTERMEDIO<\/h3><div class=\"rt-list\"><ul>\n<li>5 Formularios.(links o Secciones).<\/li>\n<li>Lenguaje de Programaci\u00f3n HTML b\u00e1sico + CSS3.<\/li>\n<li>Formulario de contacto sincronizando con la cuenta de correo electr\u00f3nico.<\/li>\n<li>3 banners rotativos<\/li>\n<li>Indexaci\u00f3n. (Optimiza la p\u00e1gina para los motores de b\u00fasqueda como Google).<\/li>\n<li>Mapa de sitio.<\/li>\n<li>1 Galer\u00eda din\u00e1mica de 7 im\u00e1genes proporcionadas por el cliente.<\/li>\n\n<\/ul><\/div><div class=\"rt-table-buy\"><a href=\"https:\/\/gbs.com.co\/web\/contactenos\/\" class=\"rt-pricing-action\">Cont\u00e1ctenos<\/a><\/div><\/div>\t\t<\/div>\n\t\t\t\t<\/div>\n\t\t\t\t\t<\/div>\n\t\t<\/div>\n\t\t\t\t\t\t\t<\/div>\n\t\t<\/section>\n\t\t\t\t<section class=\"elementor-section elementor-inner-section elementor-element elementor-element-9ba7030 elementor-section-boxed elementor-section-height-default elementor-section-height-default\" data-id=\"9ba7030\" data-element_type=\"section\" data-settings=\"{&quot;_ha_eqh_enable&quot;:false}\">\n\t\t\t\t\t\t<div class=\"elementor-container elementor-column-gap-default\">\n\t\t\t\t\t<div class=\"elementor-column elementor-col-50 elementor-inner-column elementor-element elementor-element-bc110d6 img-box-hover-effect elementor-invisible\" data-id=\"bc110d6\" data-element_type=\"column\" data-settings=\"{&quot;background_background&quot;:&quot;classic&quot;,&quot;animation&quot;:&quot;bounceIn&quot;}\">\n\t\t\t<div class=\"elementor-widget-wrap elementor-element-populated\">\n\t\t\t\t\t\t\t\t<div class=\"elementor-element elementor-element-3ded7e0 pricing-new-two elementor-widget elementor-widget-radiant-pricing-table\" data-id=\"3ded7e0\" data-element_type=\"widget\" data-widget_type=\"radiant-pricing-table.default\">\n\t\t\t\t<div class=\"elementor-widget-container\">\n\t\t\t<div class=\"rt-pricing-table element-nine \"><h3 class=\"rt-pricing-title\">PROFESIONAL<\/h3><div class=\"rt-list\"><ul>\n<li>8 Formularios.(links o Secciones).<\/li>\n<li>Lenguaje de Programaci\u00f3n HTML5 + CSS3 + Jquery  + php + Javascript.<\/li>\n<li>Formulario de contacto sincronizando con la cuenta de correo electr\u00f3nico.<\/li>\n<li>5 banners rotativos<\/li>\n<li>Indexaci\u00f3n. (Optimiza la p\u00e1gina para los motores de b\u00fasqueda como Google).<\/li>\n<li>Mapa de sitio.<\/li>\n<li>1 Galer\u00eda din\u00e1mica de 10 im\u00e1genes proporcionadas por el cliente.<\/li>\n\n<\/ul><\/div><div class=\"rt-table-buy\"><a href=\"https:\/\/gbs.com.co\/web\/contactenos\/\" class=\"rt-pricing-action\">Cont\u00e1ctenos<\/a><\/div><\/div>\t\t<\/div>\n\t\t\t\t<\/div>\n\t\t\t\t\t<\/div>\n\t\t<\/div>\n\t\t\t\t<div class=\"elementor-column elementor-col-50 elementor-inner-column elementor-element elementor-element-bb1fb50 img-box-hover-effect elementor-invisible\" data-id=\"bb1fb50\" data-element_type=\"column\" data-settings=\"{&quot;animation&quot;:&quot;bounceIn&quot;}\">\n\t\t\t<div class=\"elementor-widget-wrap elementor-element-populated\">\n\t\t\t\t\t\t\t\t<div class=\"elementor-element elementor-element-85f45d4 pricing-new-one elementor-widget elementor-widget-radiant-pricing-table\" data-id=\"85f45d4\" data-element_type=\"widget\" data-widget_type=\"radiant-pricing-table.default\">\n\t\t\t\t<div class=\"elementor-widget-container\">\n\t\t\t<div class=\"rt-pricing-table element-nine \"><h3 class=\"rt-pricing-title\">PREMIUM<\/h3><div class=\"rt-list\"><ul>\n<li>10 + Formularios.(links o Secciones).<\/li>\n<li>Lenguaje de Programaci\u00f3n HTML5 + CSS3 + Jquery  + php + javascript + Mysql . Desarrollado en WordPress, Joomla.<\/li>\n<li>Formulario de contacto sincronizando con la cuenta de correo electr\u00f3nico.<\/li>\n<li>Formulario de Registro al Bolet\u00edn de Suscriptores.<\/li>\n<li>Banners rotativos administrables.<\/li>\n<li>Indexaci\u00f3n. (Optimiza la p\u00e1gina para los motores de b\u00fasqueda como Google).<\/li>\n<li>Mapa de sitio.<\/li>\n<li>2 Galer\u00eda din\u00e1mica de 10 im\u00e1genes proporcionadas por el cliente.<\/li>\n<li>Inclusi\u00f3n de archivos adjuntos (pdf, doc, xls).<\/li>\n<li><\/li>\n\n<\/ul><\/div><div class=\"rt-table-buy\"><a href=\"https:\/\/gbs.com.co\/web\/contactenos\/\" class=\"rt-pricing-action\">Cont\u00e1ctenos<\/a><\/div><\/div>\t\t<\/div>\n\t\t\t\t<\/div>\n\t\t\t\t\t<\/div>\n\t\t<\/div>\n\t\t\t\t\t\t\t<\/div>\n\t\t<\/section>\n\t\t\t\t\t<\/div>\n\t\t<\/div>\n\t\t\t\t\t\t\t<\/div>\n\t\t<\/section>\n\t\t\t\t\t\t\t<\/div>\n\t\t","protected":false},"excerpt":{"rendered":"<p>Todos nuestros planes de dise\u00f1o web Incluyen: Registro de Dominio Dise\u00f1o Web Hosting y Soporte T\u00e9cnico Especializado Utilizamos las ultimas tecnolog\u00edas para el desarrollo y dise\u00f1o de cada p\u00e1gina web, ofreciendo a nuestros clientes p\u00e1ginas de Internet funcionales y modernas. Ofrecemos planes de Dise\u00f1o Web a los mejores precios del mercado B\u00c1SICO 3 Formularios.(links o [&hellip;]<\/p>\n","protected":false},"author":1,"featured_media":23290,"parent":0,"menu_order":0,"comment_status":"closed","ping_status":"closed","template":"elementor_header_footer","meta":[],"_links":{"self":[{"href":"https:\/\/gbs.com.co\/web\/wp-json\/wp\/v2\/pages\/5213"}],"collection":[{"href":"https:\/\/gbs.com.co\/web\/wp-json\/wp\/v2\/pages"}],"about":[{"href":"https:\/\/gbs.com.co\/web\/wp-json\/wp\/v2\/types\/page"}],"author":[{"embeddable":true,"href":"https:\/\/gbs.com.co\/web\/wp-json\/wp\/v2\/users\/1"}],"replies":[{"embeddable":true,"href":"https:\/\/gbs.com.co\/web\/wp-json\/wp\/v2\/comments?post=5213"}],"version-history":[{"count":21,"href":"https:\/\/gbs.com.co\/web\/wp-json\/wp\/v2\/pages\/5213\/revisions"}],"predecessor-version":[{"id":34041,"href":"https:\/\/gbs.com.co\/web\/wp-json\/wp\/v2\/pages\/5213\/revisions\/34041"}],"wp:featuredmedia":[{"embeddable":true,"href":"https:\/\/gbs.com.co\/web\/wp-json\/wp\/v2\/media\/23290"}],"wp:attachment":[{"href":"https:\/\/gbs.com.co\/web\/wp-json\/wp\/v2\/media?parent=5213"}],"curies":[{"name":"wp","href":"https:\/\/api.w.org\/{rel}","templated":true}]}}